se -5*r - 4*j = -w, 3*j - 5*j = -5*r + 235. What are the prime factors of r?
7
Let r = 920 + 316. What are the prime factors of r?
2, 3, 103
Let j = 15 - 9. Let m = j + 88. List the prime factors of m.
2, 47
Let a be 87/(-7) + (-18)/(-42). List the prime factors of ((-50)/(-20))/((-5)/a).
2, 3
Let m(q) = -90*q**2 - 14*q + 6. Let d(b) = 29*b**2 + 5*b - 2. Let r(w) = -17*d(w) - 6*m(w). Let u be -3*(2/3)/2. What are the prime factors of r(u)?
2, 23
Let b = 25 + -15. Let s(j) = -j**2 + 8*j + 14. Let v be s(b). Let t = -3 - v. What are the prime factors of t?
3
Let t(v) = -2*v**2 - 2*v**3 + 5*v**3 - 2*v**2 - 7*v + 3. Let h(p) = -7*p**3 + 8*p**2 + 15*p - 7. Let l(j) = -2*h(j) - 5*t(j). List the prime factors of l(4).
19
Let i be (1 + -1)/(-1 - 0). Suppose -u + 3*u + q - 117 = i, 0 = -u + 4*q + 63. List the prime factors of u.
59
Suppose w - 24 = 2*m, -5*w - 5*m + 67 = -23. Let k = w + -34. Let t = k + 67. List the prime factors of t.
53
Suppose -3 = 2*l - 7. Suppose 0 = -4*d - 2*w + 90, -3*d - l*w + 14 = -53. What are the prime factors of d?
23
Let z be (21/9)/(3/(-297)). Let n = 365 + z. List the prime factors of n.
2, 67
Let u(k) = -4*k**3 - 10*k**2 + 9*k + 13. What are the prime factors of u(-6)?
463
Let b be ((-297)/45 + 6)/((-1)/(-15)). Suppose -4*d + 0*d - 36 = 0. List the prime factors of 42/d*b/6.
7
Let y = 756 - 100. What are the prime factors of y?
2, 41
Suppose 409 = -3*t + 154. Let i = -51 - t. List the prime factors of i.
2, 17
What are the prime factors of (-44)/11 - (-2140)/(2 - -2)?
3, 59
Suppose 0 = 9*b - 2744 - 5086. What are the prime factors of b?
2, 3, 5, 29
Let x = 11 - 2. Let k be (-3)/x - (-13)/3. Suppose 82 = -v + 3*v - 3*l, -2*v + 96 = k*l. List the prime factors of v.
2, 11
Let a = -119 - -44. What are the prime factors of (-608)/(-10) - (-60)/a?
2, 3, 5
Let n = 244 + -145. What are the prime factors of n?
3, 11
Suppose -m + 3*s + 54 = 0, -206 = -4*m + s + s. List the prime factors of m.
3, 17
Let v(q) = -2*q + 4. Let y be v(5). Let t be (y + 1)*4/(-10). Suppose -g = t*g + 3*w - 24, -5*g + 33 = -2*w. List the prime factors of g.
7
Let g(x) = -x**3 + 10*x**2 - 10*x - 10. Let r(j) = j. Let i be r(0). Suppose -3*t - 5*y = -2*y - 18, i = 3*t + 4*y - 16. List the prime factors of g(t).
2, 19
Let t(x) = -247*x + 469. List the prime factors of t(-6).
1951
Let x(k) = -6*k + 7. Let v be x(6). Suppose 0 = -40*a + 11 + 2589. Let q = a + v. What are the prime factors of q?
2, 3
Suppose 2*x - 3*s - 3311 = -0*s, -2*s + 2 = 0. List the prime factors of x.
1657
Let w = 41 + 171. Suppose 217 + w = 3*s. List the prime factors of s.
11, 13
Let a = -126 - -180. Suppose -a = -9*d + 243. What are the prime factors of d?
3, 11
Suppose -2*b + 5 = -5. Suppose 3*o - 8*o - 29 = 2*k, -3*k - 1 = -o. Let x = b - k. What are the prime factors of x?
7
Suppose 0 = 10*m - 7*m + r - 1604, 0 = -m + 4*r + 526. What are the prime factors of m?
2, 3, 89
Suppose 0 = 5*r + 5*d + 1 + 4, 3*r + d = -9. Let z be (-30)/r + 12/8. Suppose 12 = c - z. List the prime factors of c.
3, 7
Let c(v) = -v**3 + 64*v**2 + 214*v + 90. What are the prime factors of c(67)?
31
Suppose 3*l = 5*b, 2*l - 1 = -2*b + 5*b. Suppose 2*o = -o - b*s + 219, -4*s + 146 = 2*o. What are the prime factors of o?
73
Let z(v) = -6 + 9 - 3 + 33*v. What are the prime factors of z(2)?
2, 3, 11
Let c(d) = 2*d**3 - 3*d**2 - 4*d. Suppose 0*v + 4*v - 4*m = -8, v + 3*m = 18. Let j be c(v). Let s = 24 - j. What are the prime factors of s?
3
Let s = 916 + -388. What are the prime factors of s?
2, 3, 11
Suppose 2*f + 18 = -22. Suppose 0 = -b + 55 + 25. Let q = b + f. What are the prime factors of q?
2, 3, 5
Suppose -k + w = -5, 0*k + 3*w + 3 = -k. Let m(h) = -1 + 2 - h + 8*h**3 - 9*h**k + 9*h**2. List the prime factors of m(8).
3, 19
Suppose -4 = 5*s - 7*s. Let p = s - 0. Suppose -4*k + 2*c + 132 = 4*c, -p*k - 2*c + 64 = 0. What are the prime factors of k?
2, 17
Suppose 25 = 5*c, 12*z - 11*z = -5*c + 87. List the prime factors of z.
2, 31
Let v(u) = 2*u**3 - 3*u**2 - 2*u + 4. Let q be v(2). Let z be (-90 - (4 - q)) + 0. What are the prime factors of 2 - (z/5 - 1)?
3, 7
Let n = -830 + 1413. Let g = n - 344. What are the prime factors of g?
239
Suppose -41*w + 23408 = -33*w. What are the prime factors of w?
2, 7, 11, 19
Let s(r) = 7*r**3 + 7*r**2 - 9*r - 4. Let p(f) = f**3 + f**2 - f. Let j(u) = -6*p(u) + s(u). Let b be j(-3). Let y = -8 - b. What are the prime factors of y?
5
Let k = -649 + 462. Let n = k + 325. What are the prime factors of n?
2, 3, 23
Suppose 0*d = -4*d + m + 118, 122 = 4*d + m. Suppose -35 = 2*o + 3. Let x = o + d. List the prime factors of x.
11
Let q be -6 + 2 - (2 - 4). Let v(k) = 3*k - 6. Let a(r) = -2*r + 4. Let f(g) = -4*a(g) - 3*v(g). What are the prime factors of f(q)?
2
Let o = 2389 - 1630. What are the prime factors of o?
3, 11, 23
Let u(t) = -t**2 + 18*t + 16. Let w be u(17). Suppose -13 = -2*g - w. List the prime factors of (-38)/(-2) - (g + 11).
2, 3
Suppose 3*x + 0*x = -48. Let p = 9 + x. List the prime factors of (-4)/(-10)*p*-5.
2, 7
Let w(b) = 10*b**2 - 9*b - 138. List the prime factors of w(16).
2, 17, 67
Suppose 0*l + 40 = 5*l. List the prime factors of l/(-36) + (-3030)/(-27).
2, 7
List the prime factors of 108/(-810) + 947/15.
3, 7
Let z(d) = d**2 + 9*d - 3. Let r be z(-9). Let p = r + 6. What are the prime factors of p?
3
Let q(l) = -l**3 - 18*l**2 - 21*l + 59. What are the prime factors of q(-18)?
19, 23
Suppose -3*u + 20*u = 16881. What are the prime factors of u?
3, 331
Suppose 10 = -5*d, -10*i + 1670 = -6*i + d. List the prime factors of i.
2, 11, 19
Let a(d) = -3*d**2 - d + 9. Let z be a(8). Let t = 270 + z. What are the prime factors of t?
79
Suppose 0*x = 5*x. What are the prime factors of 37/((x - -4)/4)?
37
Suppose -5*g = -2*i - 4750, 5*g + i - 3952 - 813 = 0. List the prime factors of g.
2, 7, 17
Suppose 16*v - 496 = 14*v. List the prime factors of v.
2, 31
What are the prime factors of -1 - (-18)/42 - (-7890)/14?
563
Let b be 3/(-15)*0 - 22. Let s = 26 + b. Suppose 0 = 3*o - 4*v - 46, s*o - v - 98 = -15. List the prime factors of o.
2, 11
Let t(w) = -w**3 + w**2 + 2*w + 57. Let q be t(0). Let k = -65 + 96. Suppose -q = -g - 5*r, -g + 3*r = -18 - k. What are the prime factors of g?
2, 13
Let d = 8927 - 4812. List the prime factors of d.
5, 823
Let v be ((-166)/(-12))/(51/306). Suppose 2*m = -29 - 81. Let a = v + m. List the prime factors of a.
2, 7
Let t(o) = -o**2 - 2*o + 17. Let a be t(-7). What are the prime factors of 4/(-18) - 1534/a?
5, 17
Let h(s) = s**3 + 9*s**2 + 11*s + 14. Let u be h(-8). What are the prime factors of (5/(u/74))/(-1)?
37
Suppose -m - s = -3*s - 504, 0 = -5*m - 5*s + 2460. What are the prime factors of m?
2, 31
List the prime factors of 2*(1844 + (-9)/(45/(-10))).
2, 13, 71
Suppose 39507 = -27*y + 151962. What are the prime factors of y?
5, 7, 17
Suppose j = -3 - 2. What are the prime factors of 8 + j - 2 - -3*17?
2, 13
Let s = -2253 - -4520. What are the prime factors of s?
2267
Let t = 6 - -13. Let n be 1*(3 + -1) - t. Let y = 38 + n. What are the prime factors of y?
3, 7
Let d = -9 - -13. Suppose -d*z - 4*h + 43 = -33, 5*z - 3*h = 119. Let w = 36 - z. What are the prime factors of w?
2, 7
Suppose -5*b = -q + 75, 0 = b + 3*b - q + 59. Let i = 23 + b. Suppose -c - i = -19. What are the prime factors of c?
2, 3
Suppose -4*c = 3*g - 48, -2*g - g - 2*c = -48. Let b = 20 - g. Suppose b*v - 6*a - 122 = -a, 0 = -4*v - 2*a + 108. What are the prime factors of v?
2, 7
Suppose 10*k + 0*k - 7350 = 0. Suppose -r + k = 4*r. What are the prime factors of r?
3, 7
List the prime factors of (-61130)/(-40) - (-5)/(-20).
2, 191
Let f(m) = 6*m**2 - 3*m - 1. Let u be f(3). Suppose -4*i + 2*p + 104 = 0, -i - 3*p + u = i. List the prime factors of i.
5
Suppose 4*r = -4*z + 12, 2*r + 15 = 5*z - 0. Suppose 2*u - q - 134 = 0, 0 = z*u - 3*q - q - 191. List the prime factors of u.
3, 23
Let l be 22*(-5)/10*(-2 + -2). Let r = l + 59. What are the prime factors of r?
103
Let j = -11 + 23. Let t be (-12)/(-5)*30/j. List the prime factors of (8/t)/(11/231).
2, 7
Suppose -4*o + g = -16, 4*g - 18 = -o + 3. Let a = 77 - 35. Suppose a = -2*p + o*p. What are the prime factors of p?
2, 7
Let f(d) be the first derivative of -d**4/4 + 14*d**3/3 - 7*d**2 + 19*d + 10. Le